2 = 2*c, -2*n = 4. Suppose d + 3*w = 73, -2*d + 212 = 2*d - c*w. What are the prime factors of d?
2, 29
Let u(i) be the second derivative of -i**7/2520 + i**6/90 - i**5/15 + 3*i**4/4 + 2*i. Let p(l) be the third derivative of u(l). List the prime factors of p(6).
2
Suppose -2 = -4*i + 22. Suppose w = -s - 1, 3*w = 4*s + 26 + i. Suppose -6 = -o + w. List the prime factors of o.
2, 5
Suppose -795 = -3*v - 2*v. Suppose -6*p - v - 153 = 0. Let x = p - -75. What are the prime factors of x?
23
Suppose -y + 2161 + 880 = f, 2*f + 3050 = y. List the prime factors of y.
2, 761
Let y(m) = -m**2 - 12*m - 19. Let b be y(-9). Suppose -278 = -3*f - b. What are the prime factors of f?
2, 3, 5
Suppose -5*v = -3*f - f + 826, -f + 3*v + 210 = 0. Suppose j - f = -j. Suppose -5*z - 38 = -2*m, -5*z = 4*m - 2*z - j. What are the prime factors of m?
2, 3
Let a(s) = -28*s - 893. List the prime factors of a(-63).
13, 67
Suppose 3*t = i + 7210, 23*t = 26*t - 2*i - 7211. What are the prime factors of t?
3, 89
Let y(c) = c**2 - 5*c + 4. Let x be y(5). Suppose -x*o + 515 = o. List the prime factors of o.
103
Suppose 0 = 5*o - 4*c + 6, -2*o + 4*o + c = -5. Let n = -13 - -5. What are the prime factors of ((-6)/o)/(n/(-56))?
3, 7
Suppose 0 = -4*p + 953 + 9447. List the prime factors of p.
2, 5, 13
Let g(t) = t**3 + 13*t**2 + 4*t - 11. List the prime factors of g(-12).
5, 17
Suppose -2*h + 860 = -0*s + 2*s, -2*h = -4*s - 884. List the prime factors of h.
2, 7, 31
Let o(k) be the third derivative of -k**5/60 + 2*k**4/3 - 7*k**3/6 - k**2. What are the prime factors of o(11)?
2, 3
What are the prime factors of 0 + (-10525)/(-17) - 18/153?
619
Let z = 85 + 145. List the prime factors of z.
2, 5, 23
Suppose 8 = 2*i - 4*b, -b + 7 = 5*i + 2*b. Let z be -3 + (-2)/((-4)/14). Suppose -5*l + i*r = -140, z*l - 135 = -l + r. What are the prime factors of l?
2, 13
Suppose -11*s = -8*s - 33. Suppose 8*j + 249 = s*j. List the prime factors of j.
83
Let m = 797 - -327. List the prime factors of m.
2, 281
Suppose 5*h + 4*v = 415, h - 5*h + 4*v + 332 = 0. List the prime factors of (6 + -4)/(2/h).
83
Let q be (-532)/49 - (-2)/(-14). Let h(p) = p**2 + 9*p - 13. Let z be h(q). Let v(g) = g + 3. List the prime factors of v(z).
2, 3
Suppose -936 = -2*h - 2*o, 2*o = -51*h + 54*h - 1404. What are the prime factors of h?
2, 3, 13
Suppose 0 = -5*i - 144*l + 143*l + 6192, -2*i + 2469 = 3*l. What are the prime factors of i?
3, 7, 59
Let d(y) = -y**2 - y + 3. Let h be d(0). Let u(r) = 5*r**2 + r + 3. List the prime factors of u(h).
3, 17
Suppose -5*v = -v - q + 17, 5*v + 4*q = 5. Suppose 0 = 4*k + 6 - 30. Let l = v + k. What are the prime factors of l?
3
Suppose 24 = 4*n + 76. What are the prime factors of 4 + -1 - (n - 62)?
2, 3, 13
List the prime factors of (4146/(-15))/((-11)/55).
2, 691
Let i(a) = 11*a**3 + 7*a**2 + 4*a - 18. What are the prime factors of i(5)?
2, 97
Let k = 1020 + -1000. Let y be 0 + (0 - 1) + 13. Let u = k - y. What are the prime factors of u?
2
Suppose 3*w - w - 18 = 3*q, 0 = -4*q - 4*w - 24. Let c(s) = 3*s**2 - 3*s + 1. What are the prime factors of c(q)?
127
What are the prime factors of (7/((-21)/372))/(2/(-4))?
2, 31
Let v = 17 + -14. What are the prime factors of -1*v/3*-149*1?
149
Suppose -2*j - 9 = -j. Let u be (3/j)/(1/(-12)). List the prime factors of 9 - (-1 - (-12)/u).
7
Let h = -863 - -3210. What are the prime factors of h?
2347
Let t = -38 + 83. Let n be (-2825)/t + (-6)/27. List the prime factors of (n/6)/(2/(-4)).
3, 7
Suppose 5*a + 31 = 471. Let k be a/12 - (-2)/(-6). Suppose -5*f - 82 = -k*f. What are the prime factors of f?
41
Let i(n) = -5*n - 1. Let s be i(-9). Suppose -158 + s = k. What are the prime factors of 22/(-77) + k/(-7)?
2
Let t = 74 - 35. Suppose -6*k + t - 15 = 0. What are the prime factors of k?
2
Let f be (-2)/9 - 83/(-9). Suppose h = -2*h + f. Suppose 5*z = 2*o + 64, h*o - 5 - 4 = 0. List the prime factors of z.
2, 7
Let h = -102 + 104. What are the prime factors of ((-9)/9)/(-1*h/244)?
2, 61
Let x = 34 - 5. Suppose 3*t + 2*u = 29, u + 1 = -t + 3*u. Let n = x + t. List the prime factors of n.
2, 3
Suppose -q = -f - 4466, 5*f = 10 - 30. List the prime factors of q.
2, 23, 97
Suppose 3*a = -4*g + 16, -6*a = 3*g - 2*a - 12. Suppose 8 = g*m, -1313 = -5*u + m - 385. What are the prime factors of u?
2, 3, 31
Let h = -10 - -18. Suppose 0 = 2*m + 4, 0 = q + 3*m - h*m - 10. Suppose q = -u - 8 + 30. What are the prime factors of u?
2, 11
Suppose -4 = 2*r + 2*w, 2*r + 2*w = 3*w + 11. Suppose 4*k = r*j - k - 11, 2*k + 24 = 4*j. Suppose 9*i = j*i + 84. List the prime factors of i.
2, 3, 7
Suppose -3*m + 15 = 0, -3*g - m + 22 = -2*m. Let b be (-6)/g - 382/(-6). Suppose -d - 2*d + b = 0. What are the prime factors of d?
3, 7
List the prime factors of (9978/(-8))/(-3)*452/113.
1663
Let p = 2932 + -1675. What are the prime factors of p?
3, 419
Let b(s) = s**2 - 4*s - 24. List the prime factors of b(-16).
2, 37
Let y(i) be the third derivative of -i**5/60 - 13*i**4/24 + 5*i**3/2 + 2*i**2. Let j = -38 - -25. What are the prime factors of y(j)?
3, 5
Let t be (-59 + 0)*1/(-3 - -4). Let n = t - -129. List the prime factors of n.
2, 5, 7
Suppose 3*i = 8*i + 30. List the prime factors of (44/3)/(i*(-1)/45).
2, 5, 11
What are the prime factors of (-12654)/(-22) + (-96)/528?
5, 23
Let q be -2 - (-3 + (-5 - -4)). Suppose -q*w = 3*z + z - 72, 3*w - 116 = -4*z. List the prime factors of w.
2, 11
List the prime factors of 11*24 + (-13)/((-52)/16).
2, 67
Suppose 0 = h - 5, 2*h - 116 = 3*j + 4*h. Let l be 2/6 + 2895/(-45). Let v = j - l. List the prime factors of v.
2, 11
Let c = 537 - 52. List the prime factors of c.
5, 97
Let s(v) = -v**2 - 15*v + 3. Let w(r) = -3*r - 17. Let o(q) = 2*q + 16. Let m(h) = -4*o(h) - 3*w(h). Let i be m(0). List the prime factors of s(i).
29
Suppose 25*v = 24*v + 147. What are the prime factors of v?
3, 7
Suppose 5*i + 188 = 1578. What are the prime factors of i?
2, 139
Let g be 1/((-2)/(-104)) + -7 + 9. List the prime factors of (-1)/6 - (-3141)/g.
2, 29
Let b(y) = -5*y - 3. Let l(a) = -a**2 - 10*a - 5. Let z(f) = 10*b(f) - 4*l(f). List the prime factors of z(-4).
2, 47
Let o(i) be the second derivative of 0 - 6*i**2 + 5/6*i**3 + 3*i. What are the prime factors of o(7)?
23
Let z(k) = 39*k**2 - 1. Let q be z(1). Let c = q + 20. What are the prime factors of c?
2, 29
Suppose -40 = w + 3*w. What are the prime factors of (2 - 18)*w*1?
2, 5
Let g(i) = 7*i**2 + 3*i - 1. Let d be g(2). Let p = -30 + d. Suppose 3*c + 4*j = p*j + 183, -c = -j - 57. List the prime factors of c.
2, 3, 5
Let i = -1025 + 1493. List the prime factors of i.
2, 3, 13
Let x = -380 - -626. List the prime factors of x.
2, 3, 41
Suppose 5*n - m - 3811 = 3488, 5*n - 4*m - 7296 = 0. List the prime factors of n.
2, 5, 73
Let b be 4/2 + (-7)/7. Let a(s) = 24*s**3 - 2*s + 1. List the prime factors of a(b).
23
Suppose 0*s + 2*a = 3*s - 730, -974 = -4*s + 2*a. List the prime factors of s.
2, 61
Let l = 11 - 31. Let j = l + 11. Let m = 40 + j. List the prime factors of m.
31
Suppose 19*b = 8*b + 187. Let i = -87 - -136. Let m = i - b. What are the prime factors of m?
2
Let x = 349 - 355. Let l(s) = 7*s - 7. Let d be l(6). What are the prime factors of 4*3/x + d?
3, 11
Suppose 349 + 551 = -6*b. Let n be b/(-2) - (-3 + 2). Suppose 3*q = -q + n. What are the prime factors of q?
19
Suppose -7*t - 285 = -4*q - 2*t, 4*q = -t + 255. List the prime factors of q.
5, 13
Let x = -1694 + 2827. What are the prime factors of x?
11, 103
Suppose 5*g + 4*y + 9 = 34, -10 = -2*g + 2*y. Suppose g*k = -0*k + 365. What are the prime factors of k?
73
Let c(b) = b**3 - 5*b**2 - 7*b - 2. Let h be c(6). Let l(x) = -6*x - 4. Let n(m) = -7*m - 1. Let a(s) = 4*l(s) - 3*n(s). What are the prime factors of a(h)?
11
Suppose -5*t = 2*k - 5488, 4 = 14*k - 18*k. List the prime factors of t.
2, 3, 61
Let v(g) = g**3 + 3*g**2 + g + 3. Let j be v(-3). Let c = j + 37. List the prime factors of 3 + 0 + 0 + c.
2, 5
Suppose 0 = 5*p - 10*p - 50. Let t be 2/4*(p - -10). Suppose -3*s + 42 + 6 = t. What are the prime factors of s?
2
Let m(u) = u**3 - 15*u**2 - 7*u + 32. What are the prime factors of m(16)?
2, 11
Let s(w) = 1098*w - 309. What are the prime factors of s(6)?
3, 7, 13, 23
Let q(m) = -m + 3. Let g be q(0). Suppose 2 = f -